 are the prime factors of (-78)/(-9)*i/4?
13
Suppose -270 = 5*u - 7*u. Suppose -u = -5*d + f, 0*f = -f. What are the prime factors of d?
3
Let a = -18 + 21. Suppose -5*w + 2*q + 148 = 0, q - 61 = -a*w + w. What are the prime factors of w?
2, 3, 5
Suppose -7*j + 493 = 52. List the prime factors of j.
3, 7
Suppose -4*r = -937 - 379. What are the prime factors of r?
7, 47
Let u(y) = 131*y**3 + y**2 - y. What are the prime factors of u(1)?
131
Let x(v) = -75*v. Let p be x(-4). What are the prime factors of (1/2)/(5/p)?
2, 3, 5
Suppose 2*i + 3*f = -f + 22, 4*i - 5 = 5*f. Suppose 0 = -a + 13 + i. Suppose a = -5*q + 83. List the prime factors of q.
13
What are the prime factors of (42/(-28))/((-1)/20)?
2, 3, 5
Let u(p) = 2*p - 9. Let v(x) = -x + 4. Let r(o) = 2*u(o) + 5*v(o). What are the prime factors of r(-3)?
5
Suppose -701 = -3*z - 251. Suppose 2*d + z = 5*d. Suppose 5*a - d = -15. What are the prime factors of a?
7
Suppose 4*y + 0 = -12. Let x(a) = -a + 2. Let b be x(y). Suppose 5 = b*q - 10. What are the prime factors of q?
3
What are the prime factors of 0/((-3)/1) - -3?
3
Let s(z) = -2*z - 2. Let o be (-42)/(-2)*(-11)/33. List the prime factors of s(o).
2, 3
Let p(g) = -g**3 - 3*g**2 - 3*g + 1. Let o be p(-3). Let x(j) = -j**2 - 1. Let h be x(0). Let i = o + h. What are the prime factors of i?
3
Let p(z) = -z**2 + 16*z - 20. What are the prime factors of p(6)?
2, 5
Let d = -35 - -51. What are the prime factors of d?
2
List the prime factors of (-4)/(-3)*78/4.
2, 13
Let y = -20 + -42. What are the prime factors of y*(5/2 + -3)?
31
Let m = -28 + 29. What are the prime factors of ((-153)/(-6))/(m/2)?
3, 17
Suppose 5*s = -l - 3*l - 192, 2*l = 4. What are the prime factors of (-25)/20*s/1?
2, 5
Suppose 5*l = 305 + 10. List the prime factors of l.
3, 7
List the prime factors of -1*(-2)/(-11) + (-5180)/(-55).
2, 47
Let p be (-1 + -8)/((-5)/15). Let b = -7 + p. Suppose 0 = -r - r + b. What are the prime factors of r?
2, 5
Suppose 145 = 4*o - v, -4*o + 221 - 82 = -3*v. What are the prime factors of o?
37
Let k be -3 + 1 + 0 - 48. Let g(l) = -l + 7. Let b be g(4). What are the prime factors of b/4 - k/8?
7
Let l = -1 - -3. Suppose -4 = 2*r, -m + l*m = 5*r + 12. List the prime factors of m/3 + (-32)/(-6).
2, 3
Let j(o) = 9*o + 5. Let l(n) = -10*n - 6. Let i(f) = 6*j(f) + 5*l(f). Let h be i(3). Suppose -5*u + 13 + h = 0. List the prime factors of u.
5
Let a = 106 + -59. Suppose -3*x + 7 + a = 0. Suppose 0*t - 3*r + 21 = t, -2*r - x = -2*t. List the prime factors of t.
2, 3
List the prime factors of 56/(-3)*(-6)/4.
2, 7
Suppose -69 = 2*a - 5*l, -3*a = 4*l + l + 166. Let v = 81 + a. List the prime factors of v.
2, 17
Let z(u) be the second derivative of 1/2*u**4 - 1/20*u**5 + u + 1/3*u**3 - u**2 + 0. What are the prime factors of z(6)?
2, 5
Let t = -14 - -23. Let q be 3/(t/(-24) + 0). What are the prime factors of (-2)/q + (-210)/(-24)?
3
Suppose -3*p + 6 = 3, 0 = 2*y + 4*p - 8. Suppose 0 = y*u + u - 9. What are the prime factors of u?
3
Let r(b) be the third derivative of b**4/24 + b**3/2 + 2*b**2. Let l be r(-9). Let n = 8 + l. List the prime factors of n.
2
What are the prime factors of 84/8*21/18*8?
2, 7
Suppose -3*m + 5*u + 245 = 2*m, -5*m + 245 = 4*u. List the prime factors of m.
7
Let k(n) = n**2 + 6*n - 1. Let q be k(-6). List the prime factors of 4*q/(-2) - -17.
19
Let t = 3 - 1. Let q be (t - 5)/(6/(-8)). List the prime factors of (q/(-8))/((-1)/6).
3
Suppose -4*m = -3*c - 0*c + 29, 19 = -2*c - 5*m. What are the prime factors of c?
3
Suppose 53 = -2*j + 3*j. What are the prime factors of j?
53
Let a(f) = 20*f - 10. Let s be a(9). Suppose 0*b - 6 = -r + 5*b, s = 5*r + 3*b. List the prime factors of r.
31
Let z = 139 - -164. List the prime factors of z.
3, 101
Let v = -2 - 2. Let u = 2 + v. Let n = u - -8. What are the prime factors of n?
2, 3
Suppose -5*j - z + 3 = 0, -4*j + z = 2 - 8. Let h(t) = 32*t**2 + 1. List the prime factors of h(j).
3, 11
Let b(r) = -r**3 + 19*r**2 - 6*r + 13. What are the prime factors of b(18)?
229
Let q(o) = -o + 1. Let k be q(-4). List the prime factors of (4 + 1)*17/k.
17
Suppose -5*n - 4*r = -5, 4*n - 35 = -4*r + 7*r. Suppose -n - 3 = -b. What are the prime factors of b?
2
Suppose 0 = 2*q + 42 + 66. Let s = -19 - q. What are the prime factors of s?
5, 7
Let n(z) = z**3 - 6*z**2 + 5*z + 4. Let i be n(5). Suppose 0 = u - i*o - 16, -u - 5*o = 16 + 4. Suppose -30 = -2*x - u*x. List the prime factors of x.
3, 5
Suppose 0 = -z + 2 + 2. Suppose 0*a = -z*a + 48. List the prime factors of a.
2, 3
Let d(q) = -q + 1. Suppose 0 = -s + 2, 2*x = 4*s - 0 + 8. Suppose 2*f = -4 - x. List the prime factors of d(f).
7
List the prime factors of 9/((-36)/8) - -31.
29
Let c(u) be the first derivative of u**3 + 3*u**2/2 + 3*u + 3. List the prime factors of c(-2).
3
List the prime factors of ((-4)/8)/1*-106.
53
Let z be (-1 + 2)/((-1)/(-3)). Let i(l) = 3*l - 2. Let s(n) = 9*n - 6. Let q(r) = 7*i(r) - 2*s(r). List the prime factors of q(z).
7
Let v be (14/(-21))/(1/(-18)). Let c = v + -7. List the prime factors of c.
5
What are the prime factors of 0 - 836/(-10) - 3/5?
83
Let x(o) = 10*o**2 - 3*o + 3. What are the prime factors of x(2)?
37
Let n be 0 - (1 - (0 + 0)). Let a be (-12 + 3)*n*5. What are the prime factors of 4/((-12)/a)*-1?
3, 5
Let o(c) = c + 10. Let i be o(-6). Suppose 0 = 2*r + 3*r - 10. Suppose i*l - 22 = -5*f, -2*f - r = -0*f - 2*l. List the prime factors of f.
2
Suppose -3*p = -2*p. Let f(t) = -4 + t + t**3 - 3*t - 4*t**2 + p. What are the prime factors of f(5)?
11
Suppose i + 6 = -0. Let m(v) be the third derivative of -v**6/120 - 7*v**5/60 - v**4/3 - v**3/3 - v**2. What are the prime factors of m(i)?
2, 5
Let g(j) = j**3 + 10*j**2 + 12. Let h be -10 - (-1 - (-2)/2). List the prime factors of g(h).
2, 3
Suppose -3*x + 238 = 4*w, -3*x - w = -8*x + 366. What are the prime factors of x?
2, 37
Suppose -4*m = -5*m + 100. List the prime factors of m.
2, 5
Let v = -3 + 66. List the prime factors of v.
3, 7
Let z = -7 - -11. Suppose -4*w + 2*s = -38, 17 = z*w + 7*s - 2*s. List the prime factors of w.
2
Suppose 5*p - 15 = 0, -3*p = 5*j + 2 - 26. Suppose 4*q + q - 3*y = -9, -4*q + 3*y - 9 = 0. Suppose q = -0*d - j*d + 21. List the prime factors of d.
7
Let s = 13 - 10. Suppose 3*a + n - 16 = 27, -4*n = -s*a + 53. What are the prime factors of a?
3, 5
What are the prime factors of 30/(-12)*(-20 - -2)?
3, 5
Let s = 320 - 99. What are the prime factors of s?
13, 17
Let s be 36*(0 + (-12)/(-9)). Suppose -4*i + s = -0*i. What are the prime factors of i?
2, 3
Let a(b) be the second derivative of -b**5/20 - 7*b**4/12 - 5*b**3/3 - 7*b**2/2 + b. List the prime factors of a(-6).
17
Let n be ((-30)/9)/(2/(-3)). Suppose -n*b = 4*y - 25, 3*y = -2*y - 2*b + 44. Suppose 3*u - u - y = 0. What are the prime factors of u?
5
Let y = 9 - 9. Let r be -3*1/3*-8. Let w = r + y. List the prime factors of w.
2
Let p(u) = 4*u**2 + u - 1. Let f be p(1). Suppose 109 + 15 = f*h. What are the prime factors of h?
31
Suppose 5*w = 5*v - 15, 5*v + 3*w - 15 = -0*v. Suppose s = v*j - s - 31, -3*s - 6 = 0. List the prime factors of j.
3
Let w(n) = -n**2 - 1. Let p(c) be the second derivative of -c**3 - 3*c**2/2 - c. Let v(u) = -p(u) - 2*w(u). What are the prime factors of v(-4)?
13
Let s = -12 + 20. Suppose -u + s = 2. What are the prime factors of u?
2, 3
Let j be (6/3 - 10)*-1. Let o = 13 - j. What are the prime factors of o?
5
Suppose 4*s - 2 = 38. Suppose l - 57 = s. Let r = l + -48. List the prime factors of r.
19
Suppose 0*o = -5*b - 2*o + 466, 196 = 2*b + 4*o. What are the prime factors of b?
2, 23
Suppose -3*k = 3*s - 24, -k = -2*s - 2*k + 12. List the prime factors of (s - (-3 - -2))*1.
5
Let d = -12 + 19. What are the prime factors of d?
7
Suppose -w + 80 = 3*w. What are the prime factors of w?
2, 5
Suppose -q + 3 = -1. List the prime factors of 0 - q*(-3 + -1).
2
Suppose 5*j + 4*f = 30, 2*f - 3 = -2*j + 11. Let q be -3*(-2 - (j + 0)). Let d = q + -7. What are the prime factors of d?
5
List the prime factors of ((-7)/14)/(1/(-76)).
2, 19
Let s(h) be the first derivative of h**5/30 + h**4/6 - 3*h**2/2 + 1. Let m(b) be the second derivative of s(b). What are the prime factors of m(-3)?
2, 3
Let w = 3 - 1. List the prime factors of -1 + (w - 3) + 14.
2, 3
